2232691?
True
Is 198 a factor of 2273988?
False
Does 1808 divide 15624736?
True
Is 5853042 a multiple of 276?
False
Does 25 divide 5100?
True
Is 1925512 a multiple of 15?
False
Is 151 a factor of 1509872?
False
Does 6 divide 114378?
True
Is 4704810 a multiple of 318?
True
Is 39 a factor of 292465?
False
Does 23 divide 323378?
False
Does 4 divide 165688?
True
Does 64 divide 1015079?
False
Does 17 divide 5983942?
False
Is 18 a factor of 6552?
True
Is 16119627 a multiple of 230?
False
Is 17331 a multiple of 327?
True
Does 3 divide 397804?
False
Is 26511 a multiple of 2?
False
Is 3388032 a multiple of 36?
True
Does 411 divide 1131811?
False
Is 116461 a multiple of 79?
False
Is 309776 a multiple of 152?
True
Does 124 divide 8304021?
False
Does 162 divide 56214?
True
Does 9 divide 324562?
False
Is 54055 a multiple of 5?
True
Is 20 a factor of 3066780?
True
Does 7 divide 1826986?
True
Is 79281 a multiple of 152?
False
Does 218 divide 18283278?
False
Does 231 divide 4107180?
True
Does 16 divide 54464?
True
Is 382236 a multiple of 8?
False
Is 197 a factor of 840993?
True
Is 42 a factor of 64638?
True
Is 6406800 a multiple of 475?
True
Is 17 a factor of 255617?
False
Does 256 divide 543744?
True
Is 209138 a multiple of 162?
False
Is 27888 a multiple of 18?
False
Is 285 a factor of 4388715?
True
Does 301 divide 201369?
True
Does 42 divide 11768694?
True
Does 5 divide 452518?
False
Does 11 divide 674299?
False
Does 1147 divide 2349056?
True
Does 94 divide 59032?
True
Does 6 divide 1962678?
True
Does 2 divide 5295?
False
Is 29328 a multiple of 8?
True
Is 68 a factor of 865504?
True
Does 5 divide 987018?
False
Is 2802525 a multiple of 11?
True
Is 15889 a multiple of 152?
False
Does 5 divide 176922?
False
Is 464436 a multiple of 399?
True
Is 22 a factor of 5056978?
False
Is 116 a factor of 73312?
True
Is 370356 a multiple of 11?
False
Is 143 a factor of 73721?
False
Is 14 a factor of 2998556?
False
Does 109 divide 130037?
True
Is 11 a factor of 48467?
False
Is 947 a factor of 386376?
True
Is 242139 a multiple of 171?
False
Is 156 a factor of 127844?
False
Is 146 a factor of 21875764?
True
Is 273 a factor of 18332133?
False
Is 5045032 a multiple of 38?
True
Is 65 a factor of 454610?
True
Is 462176 a multiple of 404?
True
Is 3384761 a multiple of 433?
True
Is 16920 a multiple of 10?
True
Does 7 divide 236521?
False
Is 1665270 a multiple of 15?
True
Is 1274899 a multiple of 16?
False
Does 60 divide 751140?
True
Is 27 a factor of 1073601?
True
Is 16 a factor of 111029?
False
Does 162 divide 12604572?
True
Is 2790779 a multiple of 873?
False
Does 118 divide 122248?
True
Does 60 divide 5000145?
False
Does 44 divide 17600?
True
Is 8936830 a multiple of 35?
True
Does 221 divide 80886?
True
Is 108 a factor of 11016?
True
Does 25 divide 5767075?
True
Does 7 divide 185130?
False
Is 7315488 a multiple of 72?
True
Is 12680448 a multiple of 1216?
True
Is 2501810 a multiple of 18?
False
Is 136928 a multiple of 352?
True
Does 21 divide 540897?
True
Does 227 divide 327334?
True
Does 8 divide 7290008?
True
Does 155 divide 225680?
True
Does 35 divide 282310?
True
Is 731 a factor of 661956?
False
Does 223 divide 186205?
True
Is 6 a factor of 119514?
True
Is 19 a factor of 2196220?
False
Is 865925 a multiple of 641?
False
Is 148412 a multiple of 35?
False
Is 447423 a multiple of 44?
False
Is 458592 a multiple of 272?
True
Does 19 divide 34225?
False
Is 18 a factor of 32217?
False
Is 113828 a multiple of 26?
True
Is 129 a factor of 807227?
False
Is 46134 a multiple of 18?
True
Is 79 a factor of 4807229?
True
Is 322608 a multiple of 208?
True
Is 118 a factor of 29382?
True
Does 45 divide 698085?
True
Is 14903713 a multiple of 1887?
False
Is 20 a factor of 253561?
False
Is 43 a factor of 216935?
True
Does 142 divide 11143024?
True
Is 6108032 a multiple of 224?
True
Is 2896488 a multiple of 168?
True
Is 13 a factor of 544635?
True
Does 44 divide 1648044?
False
Is 82 a factor of 6445364?
True
Is 15436 a multiple of 31?
False
Does 27 divide 92642?
False
Is 56337 a multiple of 13?
False
Is 4 a factor of 188636?
True
Is 342 a factor of 499320?
True
Is 86 a factor of 315190?
True
Does 6 divide 4320270?
True
Is 16 a factor of 675552?
True
Is 1415949 a multiple of 23?
True
Is 30 a factor of 848925?
False
Is 16 a factor of 4941?
False
Is 79602 a multiple of 443?
False
Is 1250 a factor of 11108898?
False
Does 10 divide 323250?
True
Is 985776 a multiple of 66?
True
Is 815570 a multiple of 10?
True
Does 21 divide 918964?
False
Does 35 divide 1429400?
True
Is 40 a factor of 10274960?
True
Is 230788 a multiple of 50?
False
Is 5 a factor of 3368830?
True
Does 81 divide 209997?
False
Is 34 a factor of 115785?
False
Does 363 divide 460454?
False
Is 1933842 a multiple of 93?
True
Is 370020 a multiple of 60?
True
Does 221 divide 1192415?
False
Is 383 a factor of 232481?
True
Is 2 a factor of 6115?
False
Does 52 divide 1551?
False
Is 363860 a multiple of 452?
True
Does 11 divide 11210760?
True
Does 10 divide 917428?
False
Is 271 a factor of 30623?
True
Does 21 divide 8887631?
False
Does 45 divide 67664?
False
Is 34 a factor of 6392?
True
Does 734 divide 8770566?
True
Is 133584 a multiple of 484?
True
Does 16 divide 9591234?
False
Does 26 divide 6012318?
True
Is 64 a factor of 44303?
False
Is 9 a factor of 14571?
True
Does 728 divide 3834376?
True
Does 23 divide 37513?
True
Is 794672 a multiple of 299?
False
Does 26 divide 12258292?
False
Is 434 a factor of 626842?
False
Does 107 divide 66529?
False
Does 263 divide 9278114?
True
Is 1013081 a multiple of 2?
False
Is 6 a factor of 249800?
False
Does 13 divide 286892?
False
Does 60 divide 4395597?
False
Does 271 divide 1711907?
True
Does 19 divide 6416?
False
Does 54 divide 441990?
True
Is 16 a factor of 437536?
True
Does 17 divide 808254?
False
Is 1001599 a multiple of 1024?
False
Is 553454 a multiple of 242?
True
Is 10 a factor of 128393?
False
Is 135191 a multiple of 179?
False
Is 1502832 a multiple of 1572?
True
Is 954684 a multiple of 18?
True
Is 1738348 a multiple of 729?
False
Is 5460549 a multiple of 21?
False
Is 7 a factor of 3327?
False
Is 1026 a factor of 22059000?
True
Is 3728760 a multiple of 70?
True
Is 195010 a multiple of 271?
False
Does 37 divide 6273350?
True
Does 1030 divide 6533187?
False
Is 3151309 a multiple of 191?
True
Is 32 a factor of 357888?
True
Does 6 divide 506100?
True
Is 433 a factor of 280151?
True
Is 97 a factor of 46948?
True
Is 165 a factor of 7902510?
True
Is 117 a factor of 240084?
True
Does 31 divide 754959?
False
Is 49616 a multiple of 16?
True
Does 17 divide 190621?
True
Is 371605 a multiple of 354?
False
Is 82588 a multiple of 130?
False
Is 3 a factor of 8319?
True
Is 672796 a multiple of 46?
True
Does 70 divide 183610?
True
Is 549108 a multiple of 42?
True
Is 234 a factor of 3148633?
False
Is 6 a factor of 389754?
True
Is 35 a factor of 43505?
True
Is 4 a factor of 148?
True
Is 5927077 a multiple of 168?
False
Does 181 divide 1384002?
False
Is 32 a factor of 5193216?
True
Is 173 a factor of 103281?
True
Is 76 a factor of 48944?
True
Does 206 divide 2371472?
True
Is 2388278 a multiple of 1133?
False
Does 253 divide 148258?
True
Is 43 a factor of 25628?
True
Is 3575855 a multiple of 25?
False
Is 3556485 a multiple of 765?
True
Is 42 a factor of 2095632?
True
Is 26 a factor of 69394?
True
Is 264735 a multiple of 159?
True
Is 151814 a multiple of 8?
False
Is 5991808 a multiple of 8?
True
Does 4 divide 9327?
False
Is 4 a factor of 781038?
False
Is 101 a factor of 37512?
False
Is 560952 a multiple of 9?
True
Is 166 a factor of 1551602?
True
Does 339 divide 5557335?
False
Does 428 divide 3635483?
False
Is 10 a factor of 143748?
False
Does 16 divide 1207372?
False
Does 1673 divide 22789872?
False
Is 35819 a multiple of 66?
False
Is 148784 a multiple of 136?
True
Is 23 a factor of 359582?
True
Does 947 divide 447931?
True
Is 2713836 a multiple of 42?
False
Does 30 divide 3301?
False
Is 440 a factor of 4642944?
False
Is 52 a factor of 22191?
False
Is 311241 a multiple of 6?
False
Is 12266 even?
True
Does 633 divide 3601137?
True
Does 35 divide 9193456?
False
Does 179 divide 538219?
False
Is 2 a factor of 1858380?
True
Is 99 a factor of 98703?
True
Is 56 a factor of 19152?
True
Does 35 divide 1582070?
True
Is 11 a fact